e the remainder when m is divided by 7.
5
Suppose -3*h - 363 = 3*z, 119 = -h - 5*z + 2. Let m = h + 217. Let x = m - 57. Calculate the remainder when x is divided by 13.
12
Suppose -5*y = -2*x + 35 - 0, -5*y = -3*x + 65. What is the remainder when 56 is divided by x?
26
Suppose -2*i = 3*i - 110. Let r = -315 - -175. Let c = -53 - r. Calculate the remainder when c is divided by i.
21
Suppose 11655 = -20*n + 32655. What is the remainder when n is divided by 39?
36
Let n be 146/((5/2)/5). Let j = n + -195. What is the remainder when j is divided by 33?
31
What is the remainder when 9 - (-180)/(-21) - 319/(-7) is divided by 7?
4
Let f = 609 + -607. Calculate the remainder when 11 is divided by f.
1
Suppose 0 = k + 3*k + 4*y - 60, 5 = -k + 3*y. Suppose 3*q = i + 26, -3*q + 12 = i - k. Let p = -6 - -9. Calculate the remainder when q is divided by p.
2
Suppose 5*d + 5*a = -45, -2*d + 8 = -4*a - 4. Let x(h) = -h**2 - 5*h - 3. Let y be x(d). Calculate the remainder when 18/y - (11 - 10) is divided by 5.
2
Suppose i + 660 = 34*i. Calculate the remainder when 239 is divided by i.
19
Suppose 2*h + 104 = 4*z, -2*h - 19 = -z + 10. Let p = 17 - 10. Calculate the remainder when z is divided by p.
4
Let w(h) = -56*h - 4. Let z be w(-4). Suppose 4*g + a - z = 0, 2*g + g + 3*a = 174. What is the remainder when g is divided by 29?
25
Suppose 4*n - v - 715 = 0, 3*n + 535 = 6*n - v. Suppose f + n = 3*h, -3*h = -h - 2*f - 116. Calculate the remainder when h is divided by 16.
13
Let x = 188 + -127. Let v(g) be the first derivative of 3*g**2/2 - 8*g - 3. What is the remainder when x is divided by v(8)?
13
Let a(c) = -8*c - 150. What is the remainder when 240 is divided by a(-29)?
76
Suppose -5*d + 206 = -169. Let k = 136 - d. What is the remainder when k is divided by (12/(-36))/(1/(-63))?
19
Suppose -3*h - 102 = -129. Let n = 2 + -4. Calculate the remainder when h is divided by (-19)/(-4) + n/(-8).
4
Suppose 3*s + 41 = 4*r, 2*r = 3*r + 3*s - 29. What is the remainder when 251 is divided by r?
13
What is the remainder when 236 is divided by (0 - -4) + 3 + 5?
8
Let f(c) be the first derivative of -12*c - 1/3*c**3 - 6*c**2 - 2. What is the remainder when f(-9) is divided by 4?
3
Suppose 5*j + 25*d - 205 = 24*d, 146 = 3*j - 4*d. Calculate the remainder when 146 is divided by j.
20
Let y = -575 + 591. Suppose 4*o - 11 = 1. Suppose -y = -m - o*m. What is the remainder when 15 is divided by m?
3
Let p(h) = 4*h + 319. Calculate the remainder when p(-36) is divided by 88.
87
Let v(s) = 2*s**2 - 4*s - 7. Let m(n) = 7 + 8*n - 7*n - 17. Calculate the remainder when v(4) is divided by m(12).
1
Let p be (-4 + 3 + 0)*0. Let o(i) = -2*i + 4. Let d be o(p). Suppose -w - 2*h + 57 = -57, d*w + h = 456. Calculate the remainder when w is divided by 39.
36
Let d(p) = 10*p + 73. What is the remainder when 17 is divided by d(-7)?
2
What is the remainder when -1 - -1 - (-71)/1 is divided by (-1014)/(-182) + 9/21?
5
Let b(z) = 2*z + 1. Let r(v) = 1. Let p(g) = -b(g) - 2*r(g). Suppose -149 = 4*u - 121. What is the remainder when 30 is divided by p(u)?
8
Let w = -22 + 21. Let c = w - -10. Let a(u) = u + 8. What is the remainder when c is divided by a(-2)?
3
Let d = 1856 - 1828. What is the remainder when 94 is divided by d?
10
Suppose -3*x + 21 = 3*o - 8*x, 0 = -5*o - 4*x + 35. Calculate the remainder when 20 is divided by o.
6
Suppose 0 = 2*n, -5*n + 648 = -3*r - 4*n. Calculate the remainder when (-6)/(-21) - r/28 is divided by 5.
3
Let x(i) = 6*i - 3. Let o be x(5). Suppose -2*a - 3*a - 10 = -5*f, 3*a + 4*f + o = 0. Let v = a + 12. What is the remainder when 19 is divided by v?
5
Let q = -25 + 29. Suppose 3*h = -5*o + 97, q*h + 9*o - 4*o = 126. What is the remainder when h is divided by 6?
5
Suppose 3*j + 2*h = 302, j - 5*h = -4*h + 99. Suppose 3*i - 36 = -2*b - i, 5*b + 5*i - j = 0. What is the remainder when b is divided by 4?
2
Let f be (3/1*46)/((-9)/(-12)). Suppose -6*p - 58 = -f. Let t(z) = -z**3 - z**2 - 3*z. Calculate the remainder when t(-4) is divided by p.
18
Let c = -636 + 642. Let o be (-117)/(-5) + (-6)/15. What is the remainder when (2*2)/(-2) + o is divided by c?
3
Let d be (6/(-5))/(26/(-65)). Suppose 4*r - 3*f = 71, -50 = -d*r - f - 0. What is the remainder when r is divided by 4?
1
Let q be (1/(-2)*0/4)/1. Suppose -3*r = -21 - q. Calculate the remainder when 27 is divided by r.
6
Let x = 37 + -42. Let l(z) = -z**3 - 5*z**2 - 7*z - 21. Calculate the remainder when 54 is divided by l(x).
12
Suppose 5*o - 560 = 5*b, 5*o + 15*b - 13*b = 567. Calculate the remainder when o is divided by 13.
9
Let k(b) = -b**2 - b + 4. Let u be k(0). Suppose -3*d + 13 = u. Suppose -5*j - 2*q + 0 = -27, 1 = j - 4*q. Calculate the remainder when j is divided by d.
2
Let l(v) = 6*v + 14. What is the remainder when l(9) is divided by (-4)/(-6)*(-2)/((-6)/45)?
8
Let o be (3 + 3)*-1 + 3. Let r be o + -1 + 1 - -10. Let k(p) = -p**3 + 8*p**2 - 7*p + 4. Calculate the remainder when 8 is divided by k(r).
0
Let b = 0 - -3. Suppose 0 = -b*d - d - 16. Calculate the remainder when 61 is divided by (1 + d)/(-3) - -15.
13
Suppose 3*h - 16 = -4, 3*h = -5*o + 257. Calculate the remainder when 192 is divided by o.
45
Suppose -9*k - 69 = -14*k + 4*q, 3*k - q = 40. Calculate the remainder when 35 is divided by k.
9
Suppose 0 = d - 2*v - 1 + 2, 4*d - 3*v = 11. Suppose -5*t - 70 = -3*b, -2*t - 5 - d = 0. Calculate the remainder when 27 is divided by b.
12
Suppose 2*b = 14 + 4. Suppose -b*j + 3 = -69. Calculate the remainder when 29 is divided by j.
5
Let o(j) = -7*j - 5. Suppose 10*m + 154 = 21*m. Suppose -a + 23 = m. Calculate the remainder when o(-4) is divided by a.
5
Let w = 60 - 30. Suppose 0 = -852*l + 843*l + 153. What is the remainder when w is divided by l?
13
Let a(h) = -h**2 - h + 1. Let p be a(1). Let f = 6 + p. Suppose -f*y + 6*y - 33 = 0. Calculate the remainder when y is divided by 12.
9
Let h(p) = -2*p**2 - 3*p - 3. Let m be h(-4). Suppose -66*n + 65*n - 17 = 0. Let b = n - m. Calculate the remainder when b is divided by 3.
0
Let g(h) = -49*h**3 + h. Let b = 80 + -72. Suppose 0 = 3*v - 3*n - 42, -10 = -v + 5*n + b. Calculate the remainder when g(-1) is divided by v.
9
Suppose -5*y = -4*s + 54, -3*y - 2 = 2*s - 18. What is the remainder when s is divided by 5?
1
Let g(w) = w + 21. Let c be g(-19). Suppose -c*b - 11 = -21. Calculate the remainder when 9 is divided by b.
4
Suppose 4*x = -c + 20, 9*c = 4*x + 4*c - 20. Let m = 838 + -834. Calculate the remainder when x is divided by m.
1
Calculate the remainder when ((-2)/4)/(((-6)/(-1388))/(-3)) is divided by 14.
11
Suppose 266 = 10*w - 294. What is the remainder when w is divided by 30?
26
Let f = 1244 - 1221. Calculate the remainder when 226 is divided by f.
19
Let s = 131 - 127. What is the remainder when 52 is divided by -1 + (s - (-33)/3)?
10
Suppose 0 = -2*m + m + 1. Let i be (-2 - -2) + (-4 - -5). What is the remainder when 3 - (0/1)/(i - 3) is divided by m?
0
Let a = -186 - -261. Calculate the remainder when a is divided by 20.
15
Let v(s) = 7*s - 1. Calculate the remainder when v(5) is divided by (396/(-110))/(2/(-10)).
16
Let v be (-5)/(5/(-109))*1. Let l = -87 + v. What is the remainder when (-1 - -2)*-107*-1 is divided by l?
19
Let g(u) be the first derivative of 2*u**3/3 + 6*u**2 - 9*u - 20. Calculate the remainder when g(7) is divided by 35.
33
Suppose 0 = -187*i + 180*i + 133. Let m = 10 - -1. Calculate the remainder when i is divided by m.
8
Suppose -20 = -18*k + 13*k. What is the remainder when 117 is divided by ((-136)/16)/((-6)/k + 1)?
15
Let y = -62 - -85. Calculate the remainder when 66 is divided by y.
20
Suppose b - 38 = 4*i, 2*b - 3*i = 5*b - 39. Calculate the remainder when 25 is divided by b.
7
Let v = -241 - -265. Calculate the remainder when v is divided by 3.
0
Let o(f) = -6*f - 16. Let x = 4 - 9. Let y(v) = 3*v + 8. Let a(c) = x*y(c) - 2*o(c). What is the remainder when 50 is divided by a(-7)?
11
Suppose -5*c = -79 - 1. Let u = 12 + c. What is the remainder when 60 is divided by (3/2)/(2/u)?
18
Let y be (-3 + -5 - -1)/1. What is the remainder when 22 is divided by 14/(-49) - 51/y?
1
Let q(i) = i**3 + 32*i**2 + 83*i - 180. What is the remainder when q(-28) is divided by 23?
11
Let y(m) = -m**3 + 8*m**2 - 4*m - 9. Calculate 